{"id":4947,"date":"2023-03-03T11:51:48","date_gmt":"2023-03-03T10:51:48","guid":{"rendered":"http:\/\/blog.cgcpresse.fr\/?page_id=4947"},"modified":"2023-04-20T17:51:54","modified_gmt":"2023-04-20T16:51:54","slug":"5e-journee-un-peu-de-pedagogie","status":"publish","type":"page","link":"https:\/\/blog.cgcpresse.fr\/?page_id=4947","title":{"rendered":"5e journ\u00e9e &#8211; Les vrais enjeux et les faux arguments"},"content":{"rendered":"<p><a href=\"http:\/\/cgcpresse.info\/wordpress\/?attachment_id=2628\" rel=\"attachment wp-att-2628\"><img loading=\"lazy\" decoding=\"async\" class=\"size-thumbnail wp-image-3885 alignnone\" src=\"https:\/\/blog.cgcpresse.fr\/wp-content\/uploads\/2022\/06\/Logo-CFE-CGC-2016-transparent-144x150.png\" alt=\"\" width=\"144\" height=\"150\" srcset=\"https:\/\/blog.cgcpresse.fr\/wp-content\/uploads\/2022\/06\/Logo-CFE-CGC-2016-transparent-144x150.png 144w, https:\/\/blog.cgcpresse.fr\/wp-content\/uploads\/2022\/06\/Logo-CFE-CGC-2016-transparent.png 199w\" sizes=\"auto, (max-width: 144px) 100vw, 144px\" \/><\/a><\/p>\n<h5><span style=\"color: #ec519b;\">\u2022\u2022\u2022\u2022\u2022\u2022\u2022\u2022\u2022\u2022\u2022\u2022\u2022\u2022\u2022\u2022\u2022\u2022\u2022<\/span> <span style=\"color: #1b499b;\">La r\u00e9forme des retraites est-elle vraiment n\u00e9cessaire ? Quels sont les vrais enjeux ?<\/span><br><span style=\"color: #1b499b;\">G\u00e9rard Mardin\u00e9, Secr\u00e9taire G\u00e9n\u00e9ral de la CFE-CGC, revient au micro de<\/span> <a href=\"https:\/\/www.cadreaverti-saintsernin.fr\/actualites\/reforme-retraite-enjeux-decryptes-197.html\" target=\"_blank\" rel=\"noopener\">Cadre Averti<\/a> <span style=\"color: #1b499b;\">sur les faux arguments avanc\u00e9s pour justifier une r\u00e9forme qui, si elle est adopt\u00e9e, aurait des cons\u00e9quences significatives, en particulier pour les femmes et les s\u00e9niors. Selon G\u00e9rard Mardin\u00e9, loin de la \u00ab faillite \u00bb \u00e9voqu\u00e9e, le syst\u00e8me de retraite actuel est exc\u00e9dentaire et devrait le rester si les bonnes mesures sont prises.<\/span><\/h5>\n<p><a href=\"https:\/\/blog.cgcpresse.fr\/wp-content\/uploads\/2023\/03\/2023-02-14-Reforme-des-retraites-les-vrais-enjeux-decryptes-par-Gerard-Mardine.pdf\" target=\"_blank\" rel=\"noopener\"><img loading=\"lazy\" decoding=\"async\" class=\"aligncenter wp-image-4953 size-full\" src=\"https:\/\/blog.cgcpresse.fr\/wp-content\/uploads\/2023\/03\/2023-02-14-Reforme-des-retraites-les-vrais-enjeux-decryptes-par-Gerard-Mardine-scaled.jpg\" alt=\"\" width=\"1810\" height=\"2560\" srcset=\"https:\/\/blog.cgcpresse.fr\/wp-content\/uploads\/2023\/03\/2023-02-14-Reforme-des-retraites-les-vrais-enjeux-decryptes-par-Gerard-Mardine-scaled.jpg 1810w, https:\/\/blog.cgcpresse.fr\/wp-content\/uploads\/2023\/03\/2023-02-14-Reforme-des-retraites-les-vrais-enjeux-decryptes-par-Gerard-Mardine-212x300.jpg 212w, https:\/\/blog.cgcpresse.fr\/wp-content\/uploads\/2023\/03\/2023-02-14-Reforme-des-retraites-les-vrais-enjeux-decryptes-par-Gerard-Mardine-724x1024.jpg 724w, https:\/\/blog.cgcpresse.fr\/wp-content\/uploads\/2023\/03\/2023-02-14-Reforme-des-retraites-les-vrais-enjeux-decryptes-par-Gerard-Mardine-106x150.jpg 106w, https:\/\/blog.cgcpresse.fr\/wp-content\/uploads\/2023\/03\/2023-02-14-Reforme-des-retraites-les-vrais-enjeux-decryptes-par-Gerard-Mardine-768x1086.jpg 768w, https:\/\/blog.cgcpresse.fr\/wp-content\/uploads\/2023\/03\/2023-02-14-Reforme-des-retraites-les-vrais-enjeux-decryptes-par-Gerard-Mardine-1086x1536.jpg 1086w, https:\/\/blog.cgcpresse.fr\/wp-content\/uploads\/2023\/03\/2023-02-14-Reforme-des-retraites-les-vrais-enjeux-decryptes-par-Gerard-Mardine-1448x2048.jpg 1448w\" sizes=\"auto, (max-width: 1810px) 100vw, 1810px\" \/><\/a><\/p>\n\n\n<p><\/p>\n","protected":false},"excerpt":{"rendered":"<p>\u2022\u2022\u2022\u2022\u2022\u2022\u2022\u2022\u2022\u2022\u2022\u2022\u2022\u2022\u2022\u2022\u2022\u2022\u2022 La r\u00e9forme des retraites est-elle vraiment n\u00e9cessaire ? Quels sont les vrais enjeux ?G\u00e9rard Mardin\u00e9, Secr\u00e9taire G\u00e9n\u00e9ral de la CFE-CGC, revient au micro de Cadre Averti sur les faux arguments avanc\u00e9s pour justifier une r\u00e9forme qui, si elle est &hellip; <a href=\"https:\/\/blog.cgcpresse.fr\/?page_id=4947\">Continue reading <span class=\"meta-nav\">&rarr;<\/span><\/a><\/p>\n","protected":false},"author":1,"featured_media":0,"parent":0,"menu_order":0,"comment_status":"closed","ping_status":"closed","template":"","meta":{"footnotes":""},"class_list":["post-4947","page","type-page","status-publish","hentry"],"_links":{"self":[{"href":"https:\/\/blog.cgcpresse.fr\/index.php?rest_route=\/wp\/v2\/pages\/4947","targetHints":{"allow":["GET"]}}],"collection":[{"href":"https:\/\/blog.cgcpresse.fr\/index.php?rest_route=\/wp\/v2\/pages"}],"about":[{"href":"https:\/\/blog.cgcpresse.fr\/index.php?rest_route=\/wp\/v2\/types\/page"}],"author":[{"embeddable":true,"href":"https:\/\/blog.cgcpresse.fr\/index.php?rest_route=\/wp\/v2\/users\/1"}],"replies":[{"embeddable":true,"href":"https:\/\/blog.cgcpresse.fr\/index.php?rest_route=%2Fwp%2Fv2%2Fcomments&post=4947"}],"version-history":[{"count":5,"href":"https:\/\/blog.cgcpresse.fr\/index.php?rest_route=\/wp\/v2\/pages\/4947\/revisions"}],"predecessor-version":[{"id":5077,"href":"https:\/\/blog.cgcpresse.fr\/index.php?rest_route=\/wp\/v2\/pages\/4947\/revisions\/5077"}],"wp:attachment":[{"href":"https:\/\/blog.cgcpresse.fr\/index.php?rest_route=%2Fwp%2Fv2%2Fmedia&parent=4947"}],"curies":[{"name":"wp","href":"https:\/\/api.w.org\/{rel}","templated":true}]}}

5e journée &#8211; Les vrais enjeux et les faux arguments

<p><a href="http://cgcpresse.info/wordpress/?attachment_id=2628" rel="attachment wp-att-2628"><img loading="lazy" decoding="async" class="size-thumbnail wp-image-3885 alignnone" src="https://blog.cgcpresse.fr/wp-content/uploads/2022/06/Logo-CFE-CGC-2016-transparent-144x150.png" alt="" width="144" height="150" srcset="https://blog.cgcpresse.fr/wp-content/uploads/2022/06/Logo-CFE-CGC-2016-transparent-144x150.png 144w, https://blog.cgcpresse.fr/wp-content/uploads/2022/06/Logo-CFE-CGC-2016-transparent.png 199w" sizes="auto, (max-width: 144px) 100vw, 144px" /></a></p>
<h5><span style="color: #ec519b;">•••••••••••••••••••</span> <span style="color: #1b499b;">La réforme des retraites est-elle vraiment nécessaire ? Quels sont les vrais enjeux ?</span><br><span style="color: #1b499b;">Gérard Mardiné, Secrétaire Général de la CFE-CGC, revient au micro de</span> <a href="https://www.cadreaverti-saintsernin.fr/actualites/reforme-retraite-enjeux-decryptes-197.html" target="_blank" rel="noopener">Cadre Averti</a> <span style="color: #1b499b;">sur les faux arguments avancés pour justifier une réforme qui, si elle est adoptée, aurait des conséquences significatives, en particulier pour les femmes et les séniors. Selon Gérard Mardiné, loin de la « faillite » évoquée, le système de retraite actuel est excédentaire et devrait le rester si les bonnes mesures sont prises.</span></h5>
<p><a href="https://blog.cgcpresse.fr/wp-content/uploads/2023/03/2023-02-14-Reforme-des-retraites-les-vrais-enjeux-decryptes-par-Gerard-Mardine.pdf" target="_blank" rel="noopener"><img loading="lazy" decoding="async" class="aligncenter wp-image-4953 size-full" src="https://blog.cgcpresse.fr/wp-content/uploads/2023/03/2023-02-14-Reforme-des-retraites-les-vrais-enjeux-decryptes-par-Gerard-Mardine-scaled.jpg" alt="" width="1810" height="2560" srcset="https://blog.cgcpresse.fr/wp-content/uploads/2023/03/2023-02-14-Reforme-des-retraites-les-vrais-enjeux-decryptes-par-Gerard-Mardine-scaled.jpg 1810w, https://blog.cgcpresse.fr/wp-content/uploads/2023/03/2023-02-14-Reforme-des-retraites-les-vrais-enjeux-decryptes-par-Gerard-Mardine-212x300.jpg 212w, https://blog.cgcpresse.fr/wp-content/uploads/2023/03/2023-02-14-Reforme-des-retraites-les-vrais-enjeux-decryptes-par-Gerard-Mardine-724x1024.jpg 724w, https://blog.cgcpresse.fr/wp-content/uploads/2023/03/2023-02-14-Reforme-des-retraites-les-vrais-enjeux-decryptes-par-Gerard-Mardine-106x150.jpg 106w, https://blog.cgcpresse.fr/wp-content/uploads/2023/03/2023-02-14-Reforme-des-retraites-les-vrais-enjeux-decryptes-par-Gerard-Mardine-768x1086.jpg 768w, https://blog.cgcpresse.fr/wp-content/uploads/2023/03/2023-02-14-Reforme-des-retraites-les-vrais-enjeux-decryptes-par-Gerard-Mardine-1086x1536.jpg 1086w, https://blog.cgcpresse.fr/wp-content/uploads/2023/03/2023-02-14-Reforme-des-retraites-les-vrais-enjeux-decryptes-par-Gerard-Mardine-1448x2048.jpg 1448w" sizes="auto, (max-width: 1810px) 100vw, 1810px" /></a></p>


<p></p>

<p>••••••••••••••••••• La réforme des retraites est-elle vraiment nécessaire ? Quels sont les vrais enjeux ?Gérard Mardiné, Secrétaire Général de la CFE-CGC, revient au micro de Cadre Averti sur les faux arguments avancés pour justifier une réforme qui, si elle est &hellip; <a href="https://blog.cgcpresse.fr/?page_id=4947">Continue reading <span class="meta-nav">&rarr;</span></a></p>
