{"id":4681,"date":"2023-02-22T19:04:49","date_gmt":"2023-02-22T18:04:49","guid":{"rendered":"http:\/\/blog.cgcpresse.fr\/?page_id=4681"},"modified":"2023-04-05T12:00:30","modified_gmt":"2023-04-05T11:00:30","slug":"4e-journee-de-mobilisation-le-11-fevrier","status":"publish","type":"page","link":"https:\/\/blog.cgcpresse.fr\/?page_id=4681","title":{"rendered":"4e journ\u00e9e &#8211; Mobilisation du 11 f\u00e9vrier"},"content":{"rendered":"<figure class=\"wp-block-image\">\n<h5><a href=\"http:\/\/cgcpresse.info\/wordpress\/?attachment_id=2628\" rel=\"attachment wp-att-2628\"><img loading=\"lazy\" decoding=\"async\" class=\"size-thumbnail wp-image-3885 alignnone\" src=\"https:\/\/blog.cgcpresse.fr\/wp-content\/uploads\/2022\/06\/Logo-CFE-CGC-2016-transparent-144x150.png\" alt=\"\" width=\"144\" height=\"150\" srcset=\"https:\/\/blog.cgcpresse.fr\/wp-content\/uploads\/2022\/06\/Logo-CFE-CGC-2016-transparent-144x150.png 144w, https:\/\/blog.cgcpresse.fr\/wp-content\/uploads\/2022\/06\/Logo-CFE-CGC-2016-transparent.png 199w\" sizes=\"auto, (max-width: 144px) 100vw, 144px\" \/><\/a><\/h5>\n<h5><span style=\"color: #ec519b;\">\u2022\u2022\u2022\u2022\u2022\u2022\u2022\u2022\u2022\u2022\u2022\u2022\u2022\u2022\u2022\u2022\u2022\u2022\u2022<\/span> <span style=\"color: #1b499b;\">Et de quatre ! Apr\u00e8s les impressionnants d\u00e9fil\u00e9s du 19 et du 31 janvier, les 3e et 4e journ\u00e9es de mobilisation nationale interprofessionnelle contre la r\u00e9forme des retraites, organis\u00e9es mardi 7 f\u00e9vrier puis le samedi 11 par une intersyndicale tr\u00e8s soud\u00e9e (CFE-CGC, CFDT, CFTC, CGT, FO, UNSA, Solidaires, FAGE, FSU, UNEF, VL, F!DL, MNL), ont une fois encore d\u00e9montr\u00e9 la forte opposition de l\u2019opinion publique et des salari\u00e9s contre la r\u00e9forme gouvernementale dont l\u2019examen du projet de loi a d\u00e9but\u00e9 le 6 f\u00e9vrier a\u0300 l\u2019Assembl\u00e9e nationale.<\/span><br \/>\n<span style=\"color: #1b499b;\">A\u0300 Paris comme dans de tr\u00e8s nombreuses villes de province, partout les m\u00eames images : des cort\u00e8ges denses et pacifiques pour dire non au recul de l\u2019\u00e2ge l\u00e9gal de d\u00e9part a\u0300 64 ans et a\u0300 l\u2019allongement de la dur\u00e9e de cotisation, une r\u00e9forme injuste et brutale contre laquelle la p\u00e9tition intersyndicale flirte d\u00e9sormais avec le million de signataires. \u00ab On est au c\u0153ur d\u2019un mouvement qui ne faiblit pas, a comment\u00e9 Fran\u00e7ois Hommeril, pr\u00e9sident de la CFE-CGC. J\u2019envoie un message a\u0300 tous nos coll\u00e8gues mobilis\u00e9s partout en France, et qui viennent dire avec la CFE-CGC que cette r\u00e9forme est totalement injustifi\u00e9e et que le d\u00e9calage de l\u2019\u00e2ge de d\u00e9part a\u0300 64 ans doit \u00eatre retir\u00e9. \u00bb \u00ab Nous voulons faire \u00e9chec a\u0300 cette r\u00e9forme, appuie G\u00e9rard Mardin\u00e9, secr\u00e9taire g\u00e9n\u00e9ral conf\u00e9d\u00e9ral. Le d\u00e9bat parlementaire a commenc\u00e9 et nous voulons que les d\u00e9put\u00e9s comprennent nos arguments de bon sens et chiffr\u00e9s, afin de ne pas augmenter l\u2019\u00e2ge de d\u00e9part en retraite. \u00bb<\/span><\/h5>\n<\/figure>\n<h1 class=\"title-page\" style=\"text-align: center;\"><span style=\"color: #ec519b;\">L\u2019intersyndicale est pr\u00eate \u00e0 durcir le mouvement<\/span><\/h1>\n<div class=\"chapo\">\n<p style=\"text-align: center;\"><span style=\"color: #5cb670;\">CFE-CGC | CFDT |&nbsp;CFTC | CGT | FO | UNSA | Solidaires | FAGE | FSU | UNEF | VL | F!DL | MNL<\/span><\/p>\n<\/div>\n<div class=\"text-pp\">\n<h5><span style=\"color: #1b499b;\">Depuis le 19 janvier dernier, la population ne cesse de d\u00e9montrer sa tr\u00e8s forte d\u00e9termination \u00e0 refuser le projet de r\u00e9forme des retraites du gouvernement \u00e0 travers les gr\u00e8ves, les manifestations mais aussi la p\u00e9tition en ligne qui a atteint un million de signatures.<\/span><\/h5>\n<h5><span style=\"color: #1b499b;\">Au fil des semaines, les sondages d\u00e9montrent \u00e9galement une hausse de ce rejet massif puisque dor\u00e9navant, plus de 7 fran\u00e7ais sur 10 et 9 travailleurs sur 10 se disent oppos\u00e9s au projet de r\u00e9forme.<\/span><\/h5>\n<h5><span style=\"color: #1b499b;\">Ce mouvement social in\u00e9dit par son ampleur est donc d\u00e9sormais ancr\u00e9 dans le paysage social. Le gouvernement, comme les parlementaires, ne peuvent y rester sourds.<\/span><\/h5>\n<h5><span style=\"color: #1b499b;\">Durant la poursuite des d\u00e9bats parlementaires, les organisations syndicales professionnelles et de jeunesse vont poursuivre la mobilisation et l\u2019amplifier. Ainsi, elles appellent \u00e0 une journ\u00e9e d\u2019actions interprofessionnelles sur l\u2019ensemble du territoire <span style=\"color: #5cb670;\">le 16 f\u00e9vrier<\/span>. A cette occasion, les secr\u00e9taires g\u00e9n\u00e9raux ou pr\u00e9sidents des organisations syndicales manifesteront \u00e0 Albi&nbsp;pour appuyer l\u2019ancrage fort de ce mouvement partout sur le territoire, dans les petites villes comme dans &nbsp;les &nbsp;plus grandes.<\/span><\/h5>\n<h5><span style=\"color: #1b499b;\">Par ailleurs, les parlementaires appel\u00e9s \u00e0 se prononcer sur ce projet de r\u00e9forme doivent entendre comme le gouvernement, le m\u00e9contentement de la population, et rejeter massivement ce texte. Il en va de leur responsabilit\u00e9. C\u2019est dans ce cadre que l\u2019ensemble des secr\u00e9taires g\u00e9n\u00e9raux et pr\u00e9sidents \u00e9criront \u00e0 chaque parlementaire de l\u2019arc r\u00e9publicain pour r\u00e9affirmer notre opposition et celle de la population. Parall\u00e8lement, nous appellerons nos structures locales \u00e0 interpeller d\u00e9put\u00e9s et s\u00e9nateurs dans leurs circonscriptions.<\/span><\/h5>\n<h5><span style=\"color: #1b499b;\">Enfin, si malgr\u00e9 tout le gouvernement et les parlementaires restaient sourds \u00e0 la contestation populaire, l\u2019intersyndicale appellerait les travailleurs et les travailleuses, les jeunes et les retrait\u00e9s \u00e0 durcir le mouvement en mettant la France \u00e0 l\u2019arr\u00eat dans tous les secteurs le 7 mars prochain. L\u2019intersyndicale se saisira du 8 mars, journ\u00e9e internationale de luttes pour les droits des femmes pour mettre en \u00e9vidence l\u2019injustice sociale majeure de cette r\u00e9forme envers les femmes.<br \/>\nL\u2019intersyndicale se r\u00e9unira le 16 f\u00e9vrier au soir. D\u2019ici l\u00e0, elle appelle le gouvernement \u00e0 retirer son projet de loi et les parlementaires \u00e0 prendre leurs responsabilit\u00e9s face au rejet massif de la population face \u00e0 ce projet injuste et brutal.<\/span><\/h5>\n<h5><span style=\"color: #1b499b;\">Paris, le 11 f\u00e9vrier 2023.<a href=\"https:\/\/blog.cgcpresse.fr\/wp-content\/uploads\/2023\/01\/Citation-11.jpg\"><img loading=\"lazy\" decoding=\"async\" class=\"aligncenter size-full wp-image-4594\" src=\"https:\/\/blog.cgcpresse.fr\/wp-content\/uploads\/2023\/01\/Citation-11.jpg\" alt=\"\" width=\"1200\" height=\"628\" srcset=\"https:\/\/blog.cgcpresse.fr\/wp-content\/uploads\/2023\/01\/Citation-11.jpg 1200w, https:\/\/blog.cgcpresse.fr\/wp-content\/uploads\/2023\/01\/Citation-11-300x157.jpg 300w, https:\/\/blog.cgcpresse.fr\/wp-content\/uploads\/2023\/01\/Citation-11-1024x536.jpg 1024w, https:\/\/blog.cgcpresse.fr\/wp-content\/uploads\/2023\/01\/Citation-11-150x79.jpg 150w, https:\/\/blog.cgcpresse.fr\/wp-content\/uploads\/2023\/01\/Citation-11-768x402.jpg 768w\" sizes=\"auto, (max-width: 1200px) 100vw, 1200px\" \/><\/a><\/span><\/h5>\n<p><strong>&nbsp;<\/strong><\/p>\n<p><a href=\"https:\/\/blog.cgcpresse.fr\/wp-content\/uploads\/2023\/02\/2023-02-03-Tract-Retraites-7-et-11-fevrier-scaled.jpg\"><img loading=\"lazy\" decoding=\"async\" class=\"aligncenter size-full wp-image-4679\" src=\"https:\/\/blog.cgcpresse.fr\/wp-content\/uploads\/2023\/02\/2023-02-03-Tract-Retraites-7-et-11-fevrier-scaled.jpg\" alt=\"\" width=\"1810\" height=\"2560\" srcset=\"https:\/\/blog.cgcpresse.fr\/wp-content\/uploads\/2023\/02\/2023-02-03-Tract-Retraites-7-et-11-fevrier-scaled.jpg 1810w, https:\/\/blog.cgcpresse.fr\/wp-content\/uploads\/2023\/02\/2023-02-03-Tract-Retraites-7-et-11-fevrier-212x300.jpg 212w, https:\/\/blog.cgcpresse.fr\/wp-content\/uploads\/2023\/02\/2023-02-03-Tract-Retraites-7-et-11-fevrier-724x1024.jpg 724w, https:\/\/blog.cgcpresse.fr\/wp-content\/uploads\/2023\/02\/2023-02-03-Tract-Retraites-7-et-11-fevrier-106x150.jpg 106w, https:\/\/blog.cgcpresse.fr\/wp-content\/uploads\/2023\/02\/2023-02-03-Tract-Retraites-7-et-11-fevrier-768x1086.jpg 768w, https:\/\/blog.cgcpresse.fr\/wp-content\/uploads\/2023\/02\/2023-02-03-Tract-Retraites-7-et-11-fevrier-1086x1536.jpg 1086w, https:\/\/blog.cgcpresse.fr\/wp-content\/uploads\/2023\/02\/2023-02-03-Tract-Retraites-7-et-11-fevrier-1448x2048.jpg 1448w\" sizes=\"auto, (max-width: 1810px) 100vw, 1810px\" \/><\/a><\/p>\n<\/div>\n","protected":false},"excerpt":{"rendered":"<p>\u2022\u2022\u2022\u2022\u2022\u2022\u2022\u2022\u2022\u2022\u2022\u2022\u2022\u2022\u2022\u2022\u2022\u2022\u2022 Et de quatre ! Apr\u00e8s les impressionnants d\u00e9fil\u00e9s du 19 et du 31 janvier, les 3e et 4e journ\u00e9es de mobilisation nationale interprofessionnelle contre la r\u00e9forme des retraites, organis\u00e9es mardi 7 f\u00e9vrier puis le samedi 11 par une intersyndicale &hellip; <a href=\"https:\/\/blog.cgcpresse.fr\/?page_id=4681\">Continue reading <span class=\"meta-nav\">&rarr;<\/span><\/a><\/p>\n","protected":false},"author":1,"featured_media":0,"parent":0,"menu_order":0,"comment_status":"closed","ping_status":"closed","template":"","meta":{"footnotes":""},"class_list":["post-4681","page","type-page","status-publish","hentry"],"_links":{"self":[{"href":"https:\/\/blog.cgcpresse.fr\/index.php?rest_route=\/wp\/v2\/pages\/4681","targetHints":{"allow":["GET"]}}],"collection":[{"href":"https:\/\/blog.cgcpresse.fr\/index.php?rest_route=\/wp\/v2\/pages"}],"about":[{"href":"https:\/\/blog.cgcpresse.fr\/index.php?rest_route=\/wp\/v2\/types\/page"}],"author":[{"embeddable":true,"href":"https:\/\/blog.cgcpresse.fr\/index.php?rest_route=\/wp\/v2\/users\/1"}],"replies":[{"embeddable":true,"href":"https:\/\/blog.cgcpresse.fr\/index.php?rest_route=%2Fwp%2Fv2%2Fcomments&post=4681"}],"version-history":[{"count":13,"href":"https:\/\/blog.cgcpresse.fr\/index.php?rest_route=\/wp\/v2\/pages\/4681\/revisions"}],"predecessor-version":[{"id":4991,"href":"https:\/\/blog.cgcpresse.fr\/index.php?rest_route=\/wp\/v2\/pages\/4681\/revisions\/4991"}],"wp:attachment":[{"href":"https:\/\/blog.cgcpresse.fr\/index.php?rest_route=%2Fwp%2Fv2%2Fmedia&parent=4681"}],"curies":[{"name":"wp","href":"https:\/\/api.w.org\/{rel}","templated":true}]}}