{"id":2784,"date":"2016-04-26T13:36:45","date_gmt":"2016-04-26T12:36:45","guid":{"rendered":"http:\/\/cgcpresse.info\/wordpress\/?page_id=2784"},"modified":"2017-06-22T15:25:56","modified_gmt":"2017-06-22T14:25:56","slug":"guide-de-prevention-du-burnout","status":"publish","type":"page","link":"https:\/\/blog.cgcpresse.fr\/?page_id=2784","title":{"rendered":"BURNOUT &#8211; comment l&rsquo;identifier et mieux le pr\u00e9venir, le guide"},"content":{"rendered":"<h5><img loading=\"lazy\" decoding=\"async\" class=\"wp-image-3273 alignleft\" src=\"http:\/\/cgcpresse.info\/wordpress\/wp-content\/uploads\/2016\/04\/2017-05-STRESS-623x1024.png\" alt=\"2017-05 STRESS*\" width=\"99\" height=\"163\" srcset=\"https:\/\/blog.cgcpresse.fr\/wp-content\/uploads\/2016\/04\/2017-05-STRESS-623x1024.png 623w, https:\/\/blog.cgcpresse.fr\/wp-content\/uploads\/2016\/04\/2017-05-STRESS-183x300.png 183w, https:\/\/blog.cgcpresse.fr\/wp-content\/uploads\/2016\/04\/2017-05-STRESS.png 642w\" sizes=\"auto, (max-width: 99px) 100vw, 99px\" \/><span style=\"color: #3366ff;\">La CFE-CGC est pionnie\u0300re en matie\u0300re de pre\u0301vention des risques psycho-sociaux depuis les anne\u0301es 2000. En effet, nous sommes la premie\u0300re organisation syndicale a\u0300 nous e\u0302tre inte\u0301resse\u0301 aux questions lie\u0301es au stress.<\/span><\/h5>\n<p><span style=\"color: #3366ff;\">La CFE-CGC milite depuis plusieurs ann\u00e9es en faveur de la reconnaissance du burn-out (ou syndrome d\u2019\u00e9puisement professionnel) comme maladie professionnelle. Les cadres font partie des salari\u00e9s les plus touch\u00e9s avec 19% des cadres et de l\u2019encadrement qui cumulent une forte charge de travail avec un travail compulsif, selon notre derni\u00e8re \u00e9tude r\u00e9alis\u00e9e avec le cabinet Technologia.<\/span><\/p>\n<p><span style=\"color: #3366ff;\">Gr\u00e2ce \u00e0 ce guide pratico-pratique, la conf\u00e9d\u00e9ration met \u00e0 disposition des salari\u00e9s un outil permettant de d\u00e9celer les sympt\u00f4mes annonciateurs du burn-out, de le pr\u00e9venir ou encore de le r\u00e9parer. De plus, la CFE-CGC a cr\u00e9\u00e9 des formations sp\u00e9cifiques d\u00e9di\u00e9es, \u00e0 destination de ses adh\u00e9rents. En tant que premi\u00e8re organisation syndicale \u00e0 avoir point\u00e9 du doigt les ravages de ces pathologies li\u00e9es au travail, la CFE-CGC met en avant le r\u00f4le des Instances repr\u00e9sentatives du personnel et de la m\u00e9decine du travail pour ne plus subir le travail. Elle soutient \u00e9galement toutes les propositions de la mission parlementaire cr\u00e9\u00e9e sur ce sujet.<\/span><\/p>\n<h4 style=\"padding-left: 30px; text-align: center;\"><span style=\"color: #ff0000;\">\u00a0<a style=\"color: #ff0000;\" href=\"http:\/\/cgcpresse.info\/wordpress\/wp-content\/uploads\/2015\/01\/2017-06-comment-identifier-le-burn-out-comment-mieux-le-ge\u0301rer-.pdf\" target=\"_blank\" rel=\"attachment wp-att-2781\">Lire le guide \u00ab\u00a0Comment identifier le burnout et comment mieux le g\u00e9rer\u00a0\u00bb<\/a><\/span><\/h4>\n<h5 style=\"padding-left: 30px;\"><span style=\"color: #ff0000;\"><a href=\"http:\/\/cgcpresse.info\/wordpress\/wp-content\/uploads\/2015\/01\/2017-06-comment-identifier-le-burn-out-comment-mieux-le-ge\u0301rer-.pdf\" target=\"_blank\"><img loading=\"lazy\" decoding=\"async\" class=\"aligncenter wp-image-2785 size-full\" src=\"http:\/\/cgcpresse.info\/wordpress\/wp-content\/uploads\/2016\/04\/2015-Guide-de-pre\u0301vention-du-Burnout-image.png\" alt=\"2015 Guide de pre\u0301vention du Burnout image\" width=\"380\" height=\"406\" srcset=\"https:\/\/blog.cgcpresse.fr\/wp-content\/uploads\/2016\/04\/2015-Guide-de-pre\u0301vention-du-Burnout-image.png 380w, https:\/\/blog.cgcpresse.fr\/wp-content\/uploads\/2016\/04\/2015-Guide-de-pre\u0301vention-du-Burnout-image-281x300.png 281w\" sizes=\"auto, (max-width: 380px) 100vw, 380px\" \/><\/a><\/span><\/h5>\n","protected":false},"excerpt":{"rendered":"<p>La CFE-CGC est pionnie\u0300re en matie\u0300re de pre\u0301vention des risques psycho-sociaux depuis les anne\u0301es 2000. En effet, nous sommes la premie\u0300re organisation syndicale a\u0300 nous e\u0302tre inte\u0301resse\u0301 aux questions lie\u0301es au stress. La CFE-CGC milite depuis plusieurs ann\u00e9es en faveur &hellip; <a href=\"https:\/\/blog.cgcpresse.fr\/?page_id=2784\">Continue reading <span class=\"meta-nav\">&rarr;<\/span><\/a><\/p>\n","protected":false},"author":1,"featured_media":0,"parent":0,"menu_order":0,"comment_status":"closed","ping_status":"closed","template":"","meta":{"footnotes":""},"class_list":["post-2784","page","type-page","status-publish","hentry"],"_links":{"self":[{"href":"https:\/\/blog.cgcpresse.fr\/index.php?rest_route=\/wp\/v2\/pages\/2784","targetHints":{"allow":["GET"]}}],"collection":[{"href":"https:\/\/blog.cgcpresse.fr\/index.php?rest_route=\/wp\/v2\/pages"}],"about":[{"href":"https:\/\/blog.cgcpresse.fr\/index.php?rest_route=\/wp\/v2\/types\/page"}],"author":[{"embeddable":true,"href":"https:\/\/blog.cgcpresse.fr\/index.php?rest_route=\/wp\/v2\/users\/1"}],"replies":[{"embeddable":true,"href":"https:\/\/blog.cgcpresse.fr\/index.php?rest_route=%2Fwp%2Fv2%2Fcomments&post=2784"}],"version-history":[{"count":11,"href":"https:\/\/blog.cgcpresse.fr\/index.php?rest_route=\/wp\/v2\/pages\/2784\/revisions"}],"predecessor-version":[{"id":3313,"href":"https:\/\/blog.cgcpresse.fr\/index.php?rest_route=\/wp\/v2\/pages\/2784\/revisions\/3313"}],"wp:attachment":[{"href":"https:\/\/blog.cgcpresse.fr\/index.php?rest_route=%2Fwp%2Fv2%2Fmedia&parent=2784"}],"curies":[{"name":"wp","href":"https:\/\/api.w.org\/{rel}","templated":true}]}}

BURNOUT &#8211; comment l&rsquo;identifier et mieux le prévenir, le guide

<h5><img loading="lazy" decoding="async" class="wp-image-3273 alignleft" src="http://cgcpresse.info/wordpress/wp-content/uploads/2016/04/2017-05-STRESS-623x1024.png" alt="2017-05 STRESS*" width="99" height="163" srcset="https://blog.cgcpresse.fr/wp-content/uploads/2016/04/2017-05-STRESS-623x1024.png 623w, https://blog.cgcpresse.fr/wp-content/uploads/2016/04/2017-05-STRESS-183x300.png 183w, https://blog.cgcpresse.fr/wp-content/uploads/2016/04/2017-05-STRESS.png 642w" sizes="auto, (max-width: 99px) 100vw, 99px" /><span style="color: #3366ff;">La CFE-CGC est pionnière en matière de prévention des risques psycho-sociaux depuis les années 2000. En effet, nous sommes la première organisation syndicale à nous être intéressé aux questions liées au stress.</span></h5>
<p><span style="color: #3366ff;">La CFE-CGC milite depuis plusieurs années en faveur de la reconnaissance du burn-out (ou syndrome d’épuisement professionnel) comme maladie professionnelle. Les cadres font partie des salariés les plus touchés avec 19% des cadres et de l’encadrement qui cumulent une forte charge de travail avec un travail compulsif, selon notre dernière étude réalisée avec le cabinet Technologia.</span></p>
<p><span style="color: #3366ff;">Grâce à ce guide pratico-pratique, la confédération met à disposition des salariés un outil permettant de déceler les symptômes annonciateurs du burn-out, de le prévenir ou encore de le réparer. De plus, la CFE-CGC a créé des formations spécifiques dédiées, à destination de ses adhérents. En tant que première organisation syndicale à avoir pointé du doigt les ravages de ces pathologies liées au travail, la CFE-CGC met en avant le rôle des Instances représentatives du personnel et de la médecine du travail pour ne plus subir le travail. Elle soutient également toutes les propositions de la mission parlementaire créée sur ce sujet.</span></p>
<h4 style="padding-left: 30px; text-align: center;"><span style="color: #ff0000;"> <a style="color: #ff0000;" href="http://cgcpresse.info/wordpress/wp-content/uploads/2015/01/2017-06-comment-identifier-le-burn-out-comment-mieux-le-gérer-.pdf" target="_blank" rel="attachment wp-att-2781">Lire le guide « Comment identifier le burnout et comment mieux le gérer »</a></span></h4>
<h5 style="padding-left: 30px;"><span style="color: #ff0000;"><a href="http://cgcpresse.info/wordpress/wp-content/uploads/2015/01/2017-06-comment-identifier-le-burn-out-comment-mieux-le-gérer-.pdf" target="_blank"><img loading="lazy" decoding="async" class="aligncenter wp-image-2785 size-full" src="http://cgcpresse.info/wordpress/wp-content/uploads/2016/04/2015-Guide-de-prévention-du-Burnout-image.png" alt="2015 Guide de prévention du Burnout image" width="380" height="406" srcset="https://blog.cgcpresse.fr/wp-content/uploads/2016/04/2015-Guide-de-prévention-du-Burnout-image.png 380w, https://blog.cgcpresse.fr/wp-content/uploads/2016/04/2015-Guide-de-prévention-du-Burnout-image-281x300.png 281w" sizes="auto, (max-width: 380px) 100vw, 380px" /></a></span></h5>

<p>La CFE-CGC est pionnière en matière de prévention des risques psycho-sociaux depuis les années 2000. En effet, nous sommes la première organisation syndicale à nous être intéressé aux questions liées au stress. La CFE-CGC milite depuis plusieurs années en faveur &hellip; <a href="https://blog.cgcpresse.fr/?page_id=2784">Continue reading <span class="meta-nav">&rarr;</span></a></p>
