{"id":2737,"date":"2016-04-26T08:31:17","date_gmt":"2016-04-26T07:31:17","guid":{"rendered":"http:\/\/cgcpresse.info\/wordpress\/?page_id=2737"},"modified":"2022-08-10T19:53:04","modified_gmt":"2022-08-10T18:53:04","slug":"guide-la-retraite-des-salaries-du-prive","status":"publish","type":"page","link":"https:\/\/blog.cgcpresse.fr\/?page_id=2737","title":{"rendered":"Guide 2020 &#8211; La RETRAITE des SALARI\u00c9S du PRIV\u00c9"},"content":{"rendered":"<h5 class=\"wp-block-image is-resized\"><img loading=\"lazy\" decoding=\"async\" class=\"alignleft wp-image-4083 size-medium\" src=\"https:\/\/blog.cgcpresse.fr\/wp-content\/uploads\/2022\/08\/Guide-La-Retraite-des-salarie\u0301s-du-prive\u0301-12-2020-page-1-200x300.png\" alt=\"\" width=\"200\" height=\"300\" srcset=\"https:\/\/blog.cgcpresse.fr\/wp-content\/uploads\/2022\/08\/Guide-La-Retraite-des-salarie\u0301s-du-prive\u0301-12-2020-page-1-200x300.png 200w, https:\/\/blog.cgcpresse.fr\/wp-content\/uploads\/2022\/08\/Guide-La-Retraite-des-salarie\u0301s-du-prive\u0301-12-2020-page-1-683x1024.png 683w, https:\/\/blog.cgcpresse.fr\/wp-content\/uploads\/2022\/08\/Guide-La-Retraite-des-salarie\u0301s-du-prive\u0301-12-2020-page-1-100x150.png 100w, https:\/\/blog.cgcpresse.fr\/wp-content\/uploads\/2022\/08\/Guide-La-Retraite-des-salarie\u0301s-du-prive\u0301-12-2020-page-1-768x1152.png 768w, https:\/\/blog.cgcpresse.fr\/wp-content\/uploads\/2022\/08\/Guide-La-Retraite-des-salarie\u0301s-du-prive\u0301-12-2020-page-1-1024x1536.png 1024w, https:\/\/blog.cgcpresse.fr\/wp-content\/uploads\/2022\/08\/Guide-La-Retraite-des-salarie\u0301s-du-prive\u0301-12-2020-page-1-1365x2048.png 1365w\" sizes=\"auto, (max-width: 200px) 100vw, 200px\" \/><\/h5>\n<h5>\u00a0<\/h5>\n<h5><span style=\"color: #ec519b;\">\u2022\u2022\u2022\u2022\u2022\u2022\u2022\u2022\u2022\u2022\u2022\u2022\u2022\u2022\u2022\u2022\u2022\u2022\u2022 BESOIN DE REP\u00c8RES<\/span><br \/><span style=\"color: #1b499b;\">Depuis 2019, notre monde et notre quotidien sont travers\u00e9s par des lames de fonds incessantes. Aux troubles sociaux, se sont succ\u00e9d\u00e9es des attaques syst\u00e9matiques de nos droits sociaux : indemnit\u00e9s ch\u00f4mage, projet de r\u00e9forme des retraites, \u00e0 cela s\u2019ajoute une crise sanitaire \u00e0 l\u2019ampleur inconnue avec des effets majeurs sur l\u2019\u00e9conomie.<\/span><br \/><span style=\"color: #1b499b;\">Plus que jamais, il est essentiel de retrouver des valeurs fondamentales sur lesquelles nous pouvons nous appuyer pour affronter les d\u00e9fis d\u2019aujourd\u2019hui.<\/span><br \/><span style=\"color: #1b499b;\">Ces attaques successives se traduisent toujours par une r\u00e9duction syst\u00e9matique des acquis de la classe moyenne, dont sa qualit\u00e9 et son nombre font le socle d\u2019une soci\u00e9t\u00e9 qui croit en son avenir commun.<\/span><br \/><span style=\"color: #1b499b;\">En mati\u00e8re de protection sociale et tout particuli\u00e8rement en mati\u00e8re de retraite, la CFE-CGC d\u00e9fend et d\u00e9fendra les principes \u00e0 l\u2019origine de sa fondation.<\/span><br \/><span style=\"color: #1b499b;\">C\u2019est tout d\u2019abord, l\u2019affirmation que notre protection sociale doit demeurer un r\u00e9gime par r\u00e9partition garant de la solidarit\u00e9 interg\u00e9n\u00e9rationnelle, mais dont les droits acquis doivent refl\u00e9ter justement la contribution de chacun selon son parcours.<\/span><br \/><span style=\"color: #1b499b;\">C\u2019est aussi la d\u00e9fense d\u2019un paritarisme responsable, constituant des r\u00e9serves au niveau des caisses compl\u00e9mentaires afin d\u2019assurer face aux al\u00e9as \u00e9conomiques les pensions de nos ain\u00e9s, mais aussi la p\u00e9rennit\u00e9 pour demain des droits des actifs d\u2019aujourd\u2019hui.<\/span><\/h5>\n<h5 class=\"wp-block-image is-resized\"><span style=\"color: #5cb670;\"><a style=\"color: #5cb670;\" href=\"https:\/\/blog.cgcpresse.fr\/wp-content\/uploads\/2022\/08\/Guide-La-Retraite-des-salarie\u0301s-du-prive\u0301-12-2020-web.pdf\" target=\"_blank\" rel=\"noopener\">\u00c0 lire :\u00a0 LA RETRAITE des salarie\u0301s du secteur prive\u0301 &#8211; Guide 2020<\/a><\/span><\/h5>\n<p><img loading=\"lazy\" decoding=\"async\" class=\"aligncenter wp-image-4084 size-large\" src=\"https:\/\/blog.cgcpresse.fr\/wp-content\/uploads\/2022\/08\/Guide-La-Retraite-des-salarie\u0301s-du-prive\u0301-12-2020-sommaire-683x1024.png\" alt=\"\" width=\"640\" height=\"960\" srcset=\"https:\/\/blog.cgcpresse.fr\/wp-content\/uploads\/2022\/08\/Guide-La-Retraite-des-salarie\u0301s-du-prive\u0301-12-2020-sommaire-683x1024.png 683w, https:\/\/blog.cgcpresse.fr\/wp-content\/uploads\/2022\/08\/Guide-La-Retraite-des-salarie\u0301s-du-prive\u0301-12-2020-sommaire-200x300.png 200w, https:\/\/blog.cgcpresse.fr\/wp-content\/uploads\/2022\/08\/Guide-La-Retraite-des-salarie\u0301s-du-prive\u0301-12-2020-sommaire-100x150.png 100w, https:\/\/blog.cgcpresse.fr\/wp-content\/uploads\/2022\/08\/Guide-La-Retraite-des-salarie\u0301s-du-prive\u0301-12-2020-sommaire-768x1152.png 768w, https:\/\/blog.cgcpresse.fr\/wp-content\/uploads\/2022\/08\/Guide-La-Retraite-des-salarie\u0301s-du-prive\u0301-12-2020-sommaire-1024x1536.png 1024w, https:\/\/blog.cgcpresse.fr\/wp-content\/uploads\/2022\/08\/Guide-La-Retraite-des-salarie\u0301s-du-prive\u0301-12-2020-sommaire-1365x2048.png 1365w\" sizes=\"auto, (max-width: 640px) 100vw, 640px\" \/><\/p>\n\n\n\n\n<div class=\"wp-block-file\"><\/div>\n","protected":false},"excerpt":{"rendered":"<p>\u00a0 \u2022\u2022\u2022\u2022\u2022\u2022\u2022\u2022\u2022\u2022\u2022\u2022\u2022\u2022\u2022\u2022\u2022\u2022\u2022 BESOIN DE REP\u00c8RESDepuis 2019, notre monde et notre quotidien sont travers\u00e9s par des lames de fonds incessantes. Aux troubles sociaux, se sont succ\u00e9d\u00e9es des attaques syst\u00e9matiques de nos droits sociaux : indemnit\u00e9s ch\u00f4mage, projet de r\u00e9forme des retraites, &hellip; <a href=\"https:\/\/blog.cgcpresse.fr\/?page_id=2737\">Continue reading <span class=\"meta-nav\">&rarr;<\/span><\/a><\/p>\n","protected":false},"author":1,"featured_media":0,"parent":0,"menu_order":0,"comment_status":"closed","ping_status":"closed","template":"","meta":{"footnotes":""},"class_list":["post-2737","page","type-page","status-publish","hentry"],"_links":{"self":[{"href":"https:\/\/blog.cgcpresse.fr\/index.php?rest_route=\/wp\/v2\/pages\/2737","targetHints":{"allow":["GET"]}}],"collection":[{"href":"https:\/\/blog.cgcpresse.fr\/index.php?rest_route=\/wp\/v2\/pages"}],"about":[{"href":"https:\/\/blog.cgcpresse.fr\/index.php?rest_route=\/wp\/v2\/types\/page"}],"author":[{"embeddable":true,"href":"https:\/\/blog.cgcpresse.fr\/index.php?rest_route=\/wp\/v2\/users\/1"}],"replies":[{"embeddable":true,"href":"https:\/\/blog.cgcpresse.fr\/index.php?rest_route=%2Fwp%2Fv2%2Fcomments&post=2737"}],"version-history":[{"count":23,"href":"https:\/\/blog.cgcpresse.fr\/index.php?rest_route=\/wp\/v2\/pages\/2737\/revisions"}],"predecessor-version":[{"id":4088,"href":"https:\/\/blog.cgcpresse.fr\/index.php?rest_route=\/wp\/v2\/pages\/2737\/revisions\/4088"}],"wp:attachment":[{"href":"https:\/\/blog.cgcpresse.fr\/index.php?rest_route=%2Fwp%2Fv2%2Fmedia&parent=2737"}],"curies":[{"name":"wp","href":"https:\/\/api.w.org\/{rel}","templated":true}]}}