{"id":2304,"date":"2015-02-18T15:38:31","date_gmt":"2015-02-18T14:38:31","guid":{"rendered":"http:\/\/cgcpresse.info\/wordpress\/?page_id=2304"},"modified":"2023-01-13T21:54:28","modified_gmt":"2023-01-13T20:54:28","slug":"qualite-de-vie-au-travail-stress","status":"publish","type":"page","link":"https:\/\/blog.cgcpresse.fr\/?page_id=2304","title":{"rendered":"Qualit\u00e9 de vie et sant\u00e9 au travail"},"content":{"rendered":"<h5 style=\"padding-left: 100px; text-align: left;\"><span style=\"color: #ec519b;\"><strong>\u00a0\u00a0\u00a0\u00a0 <\/strong><\/span><\/h5>\n<h5 style=\"padding-left: 120px;\"><a href=\"https:\/\/blog.cgcpresse.fr\/wp-content\/uploads\/2023\/01\/Guide-Qualite-de-Vie-et-des-Conditions-de-Travail-QVCT-15-12-2021.pdf\" target=\"_blank\" rel=\"noopener\"><span style=\"color: #00b8f0;\">Guide Qualit\u00e9 de Vie et des Conditions de Travail QVCT du 15-12-2021<\/span><\/a><\/h5>\n<h5 style=\"padding-left: 100px; text-align: left;\"><span style=\"color: #ec519b;\"><strong>\u00a0\u00a0\u00a0\u00a0 \u2022\u2022\u2022\u2022\u2022\u2022\u2022\u2022\u2022\u2022\u2022\u2022\u2022\u2022\u2022\u2022\u2022\u2022\u2022 <span style=\"color: #ec519b;\"><a style=\"color: #ec519b;\" href=\"https:\/\/blog.cgcpresse.fr\/?page_id=2771\">STRESS : une vraie MALADIE PROFESSIONNELLE<\/a><\/span><br \/>\n<\/strong><\/span><\/h5>\n<h5 style=\"padding-left: 120px;\"><span style=\"color: #5cb670;\"><a style=\"color: #5cb670;\" href=\"https:\/\/blog.cgcpresse.fr\/?page_id=2339\">5 questions sur la Qualit\u00e9 de Vie au Travail (QVT)<\/a><\/span><\/h5>\n<h5 style=\"padding-left: 120px;\"><span style=\"color: #5cb670;\"><a style=\"color: #5cb670;\" href=\"https:\/\/blog.cgcpresse.fr\/?page_id=2592\" target=\"_blank\" rel=\"noopener\"><span style=\"color: #00b8f0;\">STRESS, HARC\u00c8LEMENT : comment r\u00e9agir ?<\/span><\/a><\/span><\/h5>\n<h5 style=\"padding-left: 120px;\"><span style=\"color: #5cb670;\"><a style=\"color: #5cb670;\" href=\"https:\/\/blog.cgcpresse.fr\/?page_id=2784\" target=\"_blank\" rel=\"noopener\">Guide\u00a0 de PR\u00c9VENTION du BURNOUT<\/a><\/span><\/h5>\n<h5 style=\"padding-left: 120px;\"><span style=\"color: #5cb670;\"><a style=\"color: #5cb670;\" href=\"https:\/\/blog.cgcpresse.fr\/?page_id=2598\" target=\"_blank\" rel=\"noopener\"><span style=\"color: #00b8f0;\">D\u00c9TECTEUR de BURNOUT en ligne<\/span><\/a><\/span><br \/>\n<span style=\"color: #5cb670;\"><br \/>\n<a style=\"color: #5cb670;\" href=\"https:\/\/blog.cgcpresse.fr\/?page_id=2622\" target=\"_blank\" rel=\"noopener\">Les M\u00c9DECINS DU TRAVAIL EMP\u00caCH\u00c9S de t\u00e9moigner du Burnout ?<\/a><\/span><br \/>\n<span style=\"color: #5cb670;\"><br \/>\n<a style=\"color: #5cb670;\" href=\"https:\/\/blog.cgcpresse.fr\/?page_id=2331\" target=\"_blank\" rel=\"noopener\"><span style=\"color: #00b8f0;\">Stress &#8211; Qualit\u00e9 de Vie au Travail : 3 BD<\/span><\/a><\/span><br \/>\n<span style=\"color: #5cb670;\"><br \/>\n<a style=\"color: #5cb670;\" href=\"https:\/\/blog.cgcpresse.fr\/?page_id=2775\">Pour en savoir plus (lectures, films, \u00e9tudes, glossaire&#8230;)<\/a><\/span><\/h5>\n<h5 style=\"padding-left: 120px; text-align: left;\"><strong><span style=\"color: #ec519b;\">\u2022\u2022\u2022\u2022\u2022\u2022\u2022\u2022\u2022\u2022\u2022\u2022\u2022\u2022\u2022\u2022\u2022\u2022\u2022 <a style=\"color: #ec519b;\" href=\"https:\/\/blog.cgcpresse.fr\/?page_id=3033\">DROIT \u00e0 la D\u00c9CONNEXION : un enjeu pour la sant\u00e9 des salari\u00e9s<\/a><\/span><br \/>\n<\/strong><\/h5>\n<h5 style=\"padding-left: 120px;\"><strong><span style=\"color: #ec519b;\">\u2022\u2022\u2022\u2022\u2022\u2022\u2022\u2022\u2022\u2022\u2022\u2022\u2022\u2022\u2022\u2022\u2022\u2022\u2022 <a style=\"color: #ec519b;\" href=\"https:\/\/blog.cgcpresse.fr\/?page_id=2976\">HANDICAPS : de quoi parle t-on exactement ?<\/a><\/span><br \/>\n<\/strong><\/h5>\n<p style=\"text-align: center;\"><a href=\"https:\/\/blog.cgcpresse.fr\/wp-content\/uploads\/2022\/10\/HEUREUX-TRISTE_0.png\"><img loading=\"lazy\" decoding=\"async\" class=\"aligncenter  wp-image-4391\" src=\"https:\/\/blog.cgcpresse.fr\/wp-content\/uploads\/2022\/10\/HEUREUX-TRISTE_0.png\" alt=\"\" width=\"215\" height=\"235\" srcset=\"https:\/\/blog.cgcpresse.fr\/wp-content\/uploads\/2022\/10\/HEUREUX-TRISTE_0.png 276w, https:\/\/blog.cgcpresse.fr\/wp-content\/uploads\/2022\/10\/HEUREUX-TRISTE_0-274x300.png 274w, https:\/\/blog.cgcpresse.fr\/wp-content\/uploads\/2022\/10\/HEUREUX-TRISTE_0-137x150.png 137w\" sizes=\"auto, (max-width: 215px) 100vw, 215px\" \/><\/a><\/p>\n<h5 style=\"padding-left: 200px;\"><\/h5>\n","protected":false},"excerpt":{"rendered":"<p>\u00a0\u00a0\u00a0\u00a0 Guide Qualit\u00e9 de Vie et des Conditions de Travail QVCT du 15-12-2021 \u00a0\u00a0\u00a0\u00a0 \u2022\u2022\u2022\u2022\u2022\u2022\u2022\u2022\u2022\u2022\u2022\u2022\u2022\u2022\u2022\u2022\u2022\u2022\u2022 STRESS : une vraie MALADIE PROFESSIONNELLE 5 questions sur la Qualit\u00e9 de Vie au Travail (QVT) STRESS, HARC\u00c8LEMENT : comment r\u00e9agir ? Guide\u00a0 de PR\u00c9VENTION &hellip; <a href=\"https:\/\/blog.cgcpresse.fr\/?page_id=2304\">Continue reading <span class=\"meta-nav\">&rarr;<\/span><\/a><\/p>\n","protected":false},"author":1,"featured_media":0,"parent":0,"menu_order":0,"comment_status":"closed","ping_status":"closed","template":"","meta":{"footnotes":""},"class_list":["post-2304","page","type-page","status-publish","hentry"],"_links":{"self":[{"href":"https:\/\/blog.cgcpresse.fr\/index.php?rest_route=\/wp\/v2\/pages\/2304","targetHints":{"allow":["GET"]}}],"collection":[{"href":"https:\/\/blog.cgcpresse.fr\/index.php?rest_route=\/wp\/v2\/pages"}],"about":[{"href":"https:\/\/blog.cgcpresse.fr\/index.php?rest_route=\/wp\/v2\/types\/page"}],"author":[{"embeddable":true,"href":"https:\/\/blog.cgcpresse.fr\/index.php?rest_route=\/wp\/v2\/users\/1"}],"replies":[{"embeddable":true,"href":"https:\/\/blog.cgcpresse.fr\/index.php?rest_route=%2Fwp%2Fv2%2Fcomments&post=2304"}],"version-history":[{"count":48,"href":"https:\/\/blog.cgcpresse.fr\/index.php?rest_route=\/wp\/v2\/pages\/2304\/revisions"}],"predecessor-version":[{"id":4573,"href":"https:\/\/blog.cgcpresse.fr\/index.php?rest_route=\/wp\/v2\/pages\/2304\/revisions\/4573"}],"wp:attachment":[{"href":"https:\/\/blog.cgcpresse.fr\/index.php?rest_route=%2Fwp%2Fv2%2Fmedia&parent=2304"}],"curies":[{"name":"wp","href":"https:\/\/api.w.org\/{rel}","templated":true}]}}