{"id":2230,"date":"2020-07-09T18:16:56","date_gmt":"2020-07-09T17:16:56","guid":{"rendered":"http:\/\/cgcpresse.info\/wordpress\/?page_id=2230"},"modified":"2023-04-20T18:19:06","modified_gmt":"2023-04-20T17:19:06","slug":"encadrement-magazine","status":"publish","type":"page","link":"https:\/\/blog.cgcpresse.fr\/?page_id=2230","title":{"rendered":"Le Bulletin Conf\u00e9d\u00e9ral &#8211; mensuel"},"content":{"rendered":"\n<div class=\"wp-block-columns is-layout-flex wp-container-core-columns-is-layout-9d6595d7 wp-block-columns-is-layout-flex\">\n<div class=\"wp-block-column is-layout-flow wp-block-column-is-layout-flow\" style=\"flex-basis:100%\">\n<h5><a href=\"https:\/\/blog.cgcpresse.fr\/wp-content\/uploads\/2022\/06\/BC-99-couv-scaled.jpg\"><img loading=\"lazy\" decoding=\"async\" class=\"wp-image-3827 size-medium alignleft\" src=\"https:\/\/blog.cgcpresse.fr\/wp-content\/uploads\/2022\/06\/BC-99-couv-300x225.jpg\" alt=\"\" width=\"300\" height=\"225\" srcset=\"https:\/\/blog.cgcpresse.fr\/wp-content\/uploads\/2022\/06\/BC-99-couv-300x225.jpg 300w, https:\/\/blog.cgcpresse.fr\/wp-content\/uploads\/2022\/06\/BC-99-couv-1024x768.jpg 1024w, https:\/\/blog.cgcpresse.fr\/wp-content\/uploads\/2022\/06\/BC-99-couv-768x576.jpg 768w, https:\/\/blog.cgcpresse.fr\/wp-content\/uploads\/2022\/06\/BC-99-couv-1536x1152.jpg 1536w, https:\/\/blog.cgcpresse.fr\/wp-content\/uploads\/2022\/06\/BC-99-couv-2048x1536.jpg 2048w\" sizes=\"auto, (max-width: 300px) 100vw, 300px\" \/><\/a><\/h5>\n<p>\u00a0<\/p>\n<h5><span style=\"color: #ec519b;\"><br \/>\u2022\u2022\u2022\u2022\u2022\u2022\u2022\u2022\u2022\u2022\u2022\u2022\u2022\u2022\u2022\u2022\u2022\u2022 <\/span><span style=\"color: #0000ff;\"><span style=\"color: #ec519b;\">Vous informer et donner du sens<\/span> <span style=\"color: #1b499b;\">avec une certaine hauteur de vue quant \u00e0 une actualit\u00e9 soci\u00e9tale, \u00e9conomique et l\u00e9gislative toujours plus riche et complexe : tels sont les objectifs du Bulletin Conf\u00e9d\u00e9ral, la lettre d\u2019information bimensuelle de la CFE-CGC au service de toutes les forces vives de l\u2019organisation : adh\u00e9rents, militants, \u00e9lus et structures.<\/span><\/span><br \/><span style=\"color: #1b499b;\"><strong> Le Bulletin Conf\u00e9d\u00e9ral <\/strong>est une source d\u2019information resserr\u00e9e autour des th\u00e9matiques essentielles d\u2019aujourd\u2019hui et de demain. Car ce que l\u2019on attend de la CFE-CGC, ce n\u2019est pas seulement lister de mani\u00e8re exhaustive tous les sujets de l\u2019agenda social et syndical, mais aussi proposer des angles, un ton, un esprit et de la prospective pour vous aiguiller.<br \/>Dot\u00e9 d\u2019une maquette a\u00e9r\u00e9e et color\u00e9e pour offrir la meilleure exp\u00e9rience de lecture, ce magazine (imprimable pour celles et ceux qui le souhaitent), avec ses exclusivit\u00e9s et ses rubriques singuli\u00e8res, se veut r\u00e9solument ancr\u00e9 dans la modernit\u00e9 et \u00e0 votre \u00e9coute.<\/span><\/h5>\n<h5 style=\"text-align: center;\"><strong><span style=\"color: #008000;\"><span style=\"color: #5cb670;\"><span style=\"color: #1b499b;\">\u2022 Au sommaire du<\/span> <a href=\"https:\/\/blog.cgcpresse.fr\/wp-content\/uploads\/2023\/04\/Le-Bulletin-Confederal-n\u00b0109-04-2023.pdf\" target=\"_blank\" rel=\"noopener\">Bulletin confe\u0301de\u0301ral n\u00b0 109<\/a> <span style=\"color: #1b499b;\">d&rsquo;avril 2023 \u2022<\/span><\/span><br \/><span style=\"color: #5cb670;\">\u2022\u2022\u2022\u2022\u2022\u2022\u2022\u2022\u2022\u2022\u2022\u2022\u2022\u2022\u2022\u2022\u2022\u2022\u2022\u2022\u2022\u2022\u2022\u2022\u2022\u2022\u2022\u2022\u2022\u2022\u2022\u2022\u2022\u2022<\/span><\/span><\/strong><span style=\"color: #5cb670;\"><strong>\u2022\u2022\u2022\u2022<\/strong><strong>\u2022\u2022\u2022\u2022\u2022\u2022\u2022\u2022\u2022\u2022\u2022\u2022\u2022\u2022\u2022\u2022\u2022\u2022\u2022\u2022\u2022\u2022\u2022\u2022\u2022\u2022\u2022\u2022\u2022\u2022\u2022<\/strong><\/span><\/h5>\n<h5 style=\"text-align: center;\"><em><strong><span style=\"color: #5cb670;\"><span style=\"color: #ec519b;\">en bref <\/span><\/span><\/strong><\/em><strong><span style=\"color: #5cb670;\"><span style=\"color: #ec519b;\"><span style=\"color: #5cb670;\">(retraites : le Conseil constitutionnel rendra ses deux d\u00e9cisions le 14 avril, un guide CFE-CGC sur les comit\u00e9s d\u2019entreprise europ\u00e9ens, Agirc-Arrco : un exc\u00e9dent de 5,1 milliards d\u2019euros en 2022, assurance ch\u00f4mage : les allocations revaloris\u00e9es de 1,9 %, vers un index de l\u2019\u00e9galit\u00e9 professionnelle dans la fonction publique)<\/span><\/span><\/span><\/strong> <em><strong><span style=\"color: #5cb670;\"><span style=\"color: #ec519b;\">l&rsquo;info militante <\/span><\/span><\/strong><\/em><strong><span style=\"color: #5cb670;\"><span style=\"color: #ec519b;\"><span style=\"color: #1b499b;\">\u2022\u2022retraites : l\u2019intersyndicale maintient la pression sur l\u2019ex\u00e9cutif \u2022\u2022retraites : le conseil constitutionnel peut-il retoquer la loi ?\u2022\u202238e congr\u00e8s : un nouveau trio \u00e0 la t\u00eate de la CFE-CGC \u2022\u2022t\u00e9l\u00e9travail et nouvelle organisation du travail : un enjeu syndical \u2022\u2022militantisme : les nouveaux modes de contact avec les salari\u00e9s \u2022\u2022accords de libre-\u00e9change : quels enjeux pour l\u2019union europ\u00e9enne ? \u2022\u2022\u00e9pargne salariale : tout savoir sur les d\u00e9blocages anticip\u00e9s <\/span><\/span><\/span><\/strong><em><strong><span style=\"color: #5cb670;\"><span style=\"color: #ec519b;\">focus\u00a0<\/span><\/span><\/strong><\/em><span style=\"color: #5cb670;\">emploi : le salariat reste attractif pour les jeunes cadres\u00a0<\/span><span style=\"color: #ec519b;\"><span style=\"color: #5cb670;\"> <span style=\"color: #ec519b;\"><strong><em>tendances<\/em><\/strong> <span style=\"color: #1b499b;\">\u2022\u2022<\/span><span style=\"color: #5cb670;\"><span style=\"color: #1b499b;\">l\u2019emploi des cadres au beau fixe, selon l\u2019apec \u2022\u2022diversit\u00e9 : comment les jeunes voient les entreprises\u00a0 <\/span><\/span><\/span><\/span><\/span><span style=\"color: #ec519b;\"><em><strong>bullesTwitter<\/strong><\/em><\/span><\/h5>\n<h5 style=\"text-align: center;\"><strong><span style=\"color: #5cb670;\">\u2022 Archives 2023 \u2022<\/span><br \/><\/strong><span style=\"color: #1b499b;\"><strong>\u2022\u2022\u2022\u2022\u2022\u2022\u2022\u2022\u2022\u2022\u2022\u2022\u2022\u2022\u2022\u2022\u2022\u2022\u2022\u2022\u2022\u2022\u2022\u2022\u2022\u2022\u2022\u2022\u2022\u2022\u2022\u2022\u2022\u2022\u2022\u2022\u2022\u2022\u2022\u2022\u2022\u2022\u2022\u2022\u2022\u2022\u2022\u2022\u2022\u2022\u2022\u2022\u2022\u2022\u2022\u2022\u2022\u2022\u2022<br \/><\/strong><\/span><strong><span style=\"color: #90daf1;\">&#8211;<\/span>\u00a0<\/strong><span style=\"color: #5cb670;\"><span style=\"color: #1b499b;\"><a style=\"color: #1b499b;\" href=\"https:\/\/blog.cgcpresse.fr\/wp-content\/uploads\/2023\/02\/Le-Bulletin-Confederal-n\u00b0106-01-2023.pdf\" target=\"_blank\" rel=\"noopener noreferrer\"><strong>Janvier<\/strong><\/a><\/span><span style=\"color: #90daf1;\"><strong> &#8211;<\/strong><\/span><strong><a style=\"color: #5cb670;\" href=\"https:\/\/blog.cgcpresse.fr\/wp-content\/uploads\/2023\/02\/Le-Bulletin-Confederal-n\u00b0107-02-2023.pdf\" target=\"_blank\" rel=\"noopener noreferrer\"> F\u00e9vrier<\/a> <span style=\"color: #90daf1;\">&#8211;<\/span>\u00a0<span style=\"color: #1b499b;\"><a href=\"https:\/\/blog.cgcpresse.fr\/wp-content\/uploads\/2023\/04\/Le-Bulletin-Confederal-n\u00b0108-03-2023.pdf\" target=\"_blank\" rel=\"noopener\"><span style=\"color: #1b499b;\">Mars<\/span><\/a> <span style=\"color: #90daf1;\">&#8211;<\/span><\/span><\/strong><\/span><\/h5>\n<h5 style=\"text-align: center;\"><strong><span style=\"color: #5cb670;\"><span style=\"color: #1b499b;\">\u2022 Archives 2022 \u2022<\/span><\/span><br \/><\/strong><span style=\"color: #5cb670;\"><strong>\u2022\u2022\u2022\u2022\u2022\u2022\u2022\u2022\u2022\u2022\u2022\u2022\u2022\u2022\u2022\u2022\u2022\u2022\u2022\u2022\u2022\u2022\u2022\u2022\u2022\u2022\u2022\u2022\u2022\u2022\u2022\u2022\u2022\u2022\u2022\u2022\u2022\u2022\u2022\u2022\u2022\u2022\u2022\u2022\u2022\u2022\u2022\u2022\u2022\u2022\u2022\u2022\u2022\u2022\u2022\u2022\u2022\u2022\u2022<br \/><\/strong><\/span><strong><span style=\"color: #90daf1;\"> &#8211;<\/span>\u00a0<\/strong><span style=\"color: #1b499b;\"><a style=\"color: #1b499b;\" href=\"https:\/\/blog.cgcpresse.fr\/wp-content\/uploads\/2022\/06\/Le-Bulletin-confe\u0301de\u0301ral-n\u00b095-01-2022.pdf\" target=\"_blank\" rel=\"noopener noreferrer\"><strong>Janvier<\/strong><\/a><\/span><strong><span style=\"color: #90daf1;\"> &#8211; <span style=\"color: #5cb670;\"><a style=\"color: #5cb670;\" href=\"https:\/\/blog.cgcpresse.fr\/wp-content\/uploads\/2022\/06\/Le-Bulletin-confe\u0301de\u0301ral-n\u00b096-02-2022.pdf\" target=\"_blank\" rel=\"noopener noreferrer\">F\u00e9vrier<\/a><\/span> &#8211; <span style=\"color: #1b499b;\"><a style=\"color: #1b499b;\" href=\"https:\/\/blog.cgcpresse.fr\/wp-content\/uploads\/2022\/06\/Le-Bulletin-Confederal-n\u00b097-03-2022.pdf\" target=\"_blank\" rel=\"noopener noreferrer\">Mars<\/a><\/span> &#8211; <span style=\"color: #5cb670;\"><a style=\"color: #5cb670;\" href=\"https:\/\/blog.cgcpresse.fr\/wp-content\/uploads\/2022\/06\/Le-Bulletin-Confederal-n\u00b098-04-2022.pdf\" target=\"_blank\" rel=\"noopener noreferrer\">Avril<\/a><\/span> &#8211; <\/span><\/strong><span style=\"color: #1b499b;\"><a style=\"color: #1b499b;\" href=\"https:\/\/blog.cgcpresse.fr\/wp-content\/uploads\/2022\/06\/bulletin-99.pdf\" target=\"_blank\" rel=\"noopener noreferrer\">Mai<\/a><\/span>\u00a0<span style=\"color: #5cb670;\"><strong><span style=\"color: #90daf1;\"> &#8211;<\/span> <span style=\"color: #5cb670;\"><a style=\"color: #5cb670;\" href=\"https:\/\/blog.cgcpresse.fr\/wp-content\/uploads\/2022\/08\/Le-Bulletin-Confederal-n\u00b0100-06-2022.pdf\" target=\"_blank\" rel=\"noopener noreferrer\">Juin<\/a><\/span> <span style=\"color: #90daf1;\">&#8211;<\/span>\u00a0<\/strong><\/span><span style=\"color: #1b499b;\"><strong><a style=\"color: #1b499b;\" href=\"https:\/\/blog.cgcpresse.fr\/wp-content\/uploads\/2022\/08\/Le-Bulletin-Confederal-n\u00b0101-07-2022.pdf\" target=\"_blank\" rel=\"noopener noreferrer\">Juillet<\/a><\/strong><\/span><span style=\"color: #90daf1;\"><strong> &#8211; <\/strong><\/span><strong><span style=\"color: #5cb670;\"><a style=\"color: #5cb670;\" href=\"https:\/\/blog.cgcpresse.fr\/wp-content\/uploads\/2022\/10\/Le-Bulletin-Confe\u0301de\u0301ral-n\u00b0102-09-2022.pdf\" target=\"_blank\" rel=\"noopener noreferrer\">Septembre<\/a><\/span> <span style=\"color: #90daf1;\">&#8211; <\/span><\/strong><span style=\"color: #1b499b;\"><strong><span style=\"color: #1b499b;\"><a style=\"color: #1b499b;\" href=\"https:\/\/blog.cgcpresse.fr\/wp-content\/uploads\/2022\/10\/Le-Bulletin-Confe\u0301de\u0301ral-n\u00b0103-10-2022.pdf\" target=\"_blank\" rel=\"noopener noreferrer\">Octobre<\/a><\/span><span style=\"color: #90daf1;\"> &#8211;<\/span> <span style=\"color: #5cb670;\"><a style=\"color: #5cb670;\" href=\"https:\/\/blog.cgcpresse.fr\/wp-content\/uploads\/2022\/12\/Le-Bulletin-Confederal-n\u00b0104-11-2022.pdf\">Novembre<\/a><\/span><span style=\"color: #90daf1;\"> &#8211; <\/span><\/strong><strong><a style=\"color: #1b499b;\" href=\"https:\/\/blog.cgcpresse.fr\/wp-content\/uploads\/2022\/12\/Le-Bulletin-Confederal-n\u00b0105-12-2022.pdf\" target=\"_blank\" rel=\"noopener noreferrer\">D\u00e9cembre<\/a><\/strong><\/span><\/h5>\n<h4 style=\"padding-left: 90px; text-align: center;\">\u00a0<\/h4>\n<h4 style=\"padding-left: 90px; text-align: center;\">\u00a0<\/h4>\n<hr \/>\n<\/div>\n<\/div>\n","protected":false},"excerpt":{"rendered":"<p>\u00a0 \u2022\u2022\u2022\u2022\u2022\u2022\u2022\u2022\u2022\u2022\u2022\u2022\u2022\u2022\u2022\u2022\u2022\u2022 Vous informer et donner du sens avec une certaine hauteur de vue quant \u00e0 une actualit\u00e9 soci\u00e9tale, \u00e9conomique et l\u00e9gislative toujours plus riche et complexe : tels sont les objectifs du Bulletin Conf\u00e9d\u00e9ral, la lettre d\u2019information bimensuelle de &hellip; <a href=\"https:\/\/blog.cgcpresse.fr\/?page_id=2230\">Continue reading <span class=\"meta-nav\">&rarr;<\/span><\/a><\/p>\n","protected":false},"author":1,"featured_media":0,"parent":0,"menu_order":0,"comment_status":"closed","ping_status":"closed","template":"","meta":{"footnotes":""},"class_list":["post-2230","page","type-page","status-publish","hentry"],"_links":{"self":[{"href":"https:\/\/blog.cgcpresse.fr\/index.php?rest_route=\/wp\/v2\/pages\/2230","targetHints":{"allow":["GET"]}}],"collection":[{"href":"https:\/\/blog.cgcpresse.fr\/index.php?rest_route=\/wp\/v2\/pages"}],"about":[{"href":"https:\/\/blog.cgcpresse.fr\/index.php?rest_route=\/wp\/v2\/types\/page"}],"author":[{"embeddable":true,"href":"https:\/\/blog.cgcpresse.fr\/index.php?rest_route=\/wp\/v2\/users\/1"}],"replies":[{"embeddable":true,"href":"https:\/\/blog.cgcpresse.fr\/index.php?rest_route=%2Fwp%2Fv2%2Fcomments&post=2230"}],"version-history":[{"count":85,"href":"https:\/\/blog.cgcpresse.fr\/index.php?rest_route=\/wp\/v2\/pages\/2230\/revisions"}],"predecessor-version":[{"id":5083,"href":"https:\/\/blog.cgcpresse.fr\/index.php?rest_route=\/wp\/v2\/pages\/2230\/revisions\/5083"}],"wp:attachment":[{"href":"https:\/\/blog.cgcpresse.fr\/index.php?rest_route=%2Fwp%2Fv2%2Fmedia&parent=2230"}],"curies":[{"name":"wp","href":"https:\/\/api.w.org\/{rel}","templated":true}]}}