{"id":2185,"date":"2015-01-29T17:21:25","date_gmt":"2015-01-29T16:21:25","guid":{"rendered":"http:\/\/cgcpresse.info\/wordpress\/?page_id=2185"},"modified":"2022-10-20T11:55:03","modified_gmt":"2022-10-20T10:55:03","slug":"informations-syndicales","status":"publish","type":"page","link":"https:\/\/blog.cgcpresse.fr\/?page_id=2185","title":{"rendered":"La CFE-CGC mobilis\u00e9e&#8230; pouvoir d&rsquo;achat"},"content":{"rendered":"<h5><a href=\"http:\/\/cgcpresse.info\/wordpress\/?attachment_id=2628\" rel=\"attachment wp-att-2628\"><img loading=\"lazy\" decoding=\"async\" class=\"size-thumbnail wp-image-3885 alignnone\" src=\"https:\/\/blog.cgcpresse.fr\/wp-content\/uploads\/2022\/06\/Logo-CFE-CGC-2016-transparent-144x150.png\" alt=\"\" width=\"144\" height=\"150\" srcset=\"https:\/\/blog.cgcpresse.fr\/wp-content\/uploads\/2022\/06\/Logo-CFE-CGC-2016-transparent-144x150.png 144w, https:\/\/blog.cgcpresse.fr\/wp-content\/uploads\/2022\/06\/Logo-CFE-CGC-2016-transparent.png 199w\" sizes=\"auto, (max-width: 144px) 100vw, 144px\" \/><\/a><span style=\"color: #ff0000;\"><br \/>\n<span style=\"color: #ec519b;\">\u2022\u2022\u2022\u2022\u2022\u2022\u2022\u2022\u2022\u2022\u2022\u2022\u2022\u2022\u2022\u2022\u2022\u2022\u2022 <\/span><\/span><span style=\"color: #ec519b;\">LA PR\u00c9SERVATION DU POUVOIR D&rsquo;ACHAT n\u00e9cessite un meilleur partage de la richesse<\/span><\/h5>\n<p><span style=\"color: #1b499b;\">\u00c0 l\u2019heure o\u00f9 les conflits sociaux se multiplient pour obtenir des revalorisations salariales l\u00e9gitimes au moins \u00e0 la hauteur du taux d\u2019inflation, la question du pouvoir d\u2019achat est centrale pour les travailleurs et travailleuses. Alors que les d\u00e9bats commencent \u00e0 l\u2019Assembl\u00e9e nationale sur cet enjeu prioritaire, nos organisations respectives r\u00e9affirment ensemble que le sujet rel\u00e8ve \u00e9galement des politiques salariales dans les branches, les entreprises et la Fonction publique. Parce qu\u2019elles consid\u00e8rent que le salaire rel\u00e8ve du partage des richesses, les organisations syndicales et de jeunesse sont unanimes sur le fait que le sujet prioritaire doit \u00eatre l\u2019augmentation des salaires, des retraites et pensions, des minimas sociaux et des bourses d\u2019\u00e9tudes.<\/span><\/p>\n<p style=\"text-align: left;\"><span style=\"color: #1b499b;\">Une succession de mesures ponctuelles et majoritairement financ\u00e9es par l\u2019Etat ne peut constituer un ensemble suffisant pour r\u00e9pondre \u00e0 l\u2019urgence. R\u00e9duire les in\u00e9galit\u00e9s, notamment entre les femmes et les hommes, exige avant tout des mesures visant \u00e0 une meilleure r\u00e9partition des richesses <img loading=\"lazy\" decoding=\"async\" class=\"size-thumbnail wp-image-4238 alignright\" src=\"https:\/\/blog.cgcpresse.fr\/wp-content\/uploads\/2022\/10\/POUVOIR-ACHAT-150x100.png\" alt=\"\" width=\"150\" height=\"100\" srcset=\"https:\/\/blog.cgcpresse.fr\/wp-content\/uploads\/2022\/10\/POUVOIR-ACHAT-150x100.png 150w, https:\/\/blog.cgcpresse.fr\/wp-content\/uploads\/2022\/10\/POUVOIR-ACHAT-300x201.png 300w, https:\/\/blog.cgcpresse.fr\/wp-content\/uploads\/2022\/10\/POUVOIR-ACHAT.png 481w\" sizes=\"auto, (max-width: 150px) 100vw, 150px\" \/>au profit des salari\u00e9s. Le salaire doit demeurer la base d\u2019un partage des richesses r\u00e9\u00e9quilibr\u00e9 en faveur des salari\u00e9s. La prise en charge de mesures de pouvoir d\u2019achat est aussi de la responsabilit\u00e9 des employeurs priv\u00e9s comme publics.<\/span><br \/>\n<span style=\"color: #1b499b;\">Les organisations syndicales et de jeunesse r\u00e9affirment que le SMIC doit demeurer un salaire d\u2019embauche et qu\u2019il ne peut pas \u00eatre une trappe \u00e0 bas salaires maintenant les salari\u00e9s au SMIC toute leur carri\u00e8re professionnelle.<\/span><\/p>\n<p><span style=\"color: #1b499b;\">La conditionnalit\u00e9 des aides aux entreprises est aujourd\u2019hui un imp\u00e9ratif. Elle doit permettre aux branches professionnelles et aux entreprises de mener des politiques plus concr\u00e8tes en mati\u00e8re sociale et environnementale, notamment par le dialogue social. Le futur d\u00e9bat parlementaire doit permettre d\u2019avancer notamment sur cette conditionnalit\u00e9 des aides aux entreprises qui ne jouent pas le jeu en mati\u00e8re salariale.<\/span><\/p>\n<p><span style=\"color: #1b499b;\">Les organisations syndicales et de jeunesse rappellent que ces exon\u00e9rations et all\u00e8gements de cotisations mettent \u00e0 mal notre syst\u00e8me de protection sociale collective.<\/span><br \/>\n<span style=\"color: #1b499b;\">Nos organisations conviennent de se r\u00e9unir \u00e0 nouveau d\u00e9but septembre afin de poursuivre leurs \u00e9changes.<br \/>\n<\/span><span style=\"color: #5cb670;\">Communiqu\u00e9 de presse intersyndical 12-07-2022<br \/>\nCFDT | CFE-CGC | CFTC | CGT | FO | UNSA | Solidaires | FAGE | FSU | UNEF | VL | F!DL | MNL<\/span><\/p>\n<p><a href=\"https:\/\/blog.cgcpresse.fr\/wp-content\/uploads\/2022\/10\/Mone\u0301tisation-des-jours-de-repos-En-quoi-cela-consiste-BC-102.png\"><img loading=\"lazy\" decoding=\"async\" class=\"aligncenter wp-image-4397 size-full\" src=\"https:\/\/blog.cgcpresse.fr\/wp-content\/uploads\/2022\/10\/Mone\u0301tisation-des-jours-de-repos-En-quoi-cela-consiste-BC-102.png\" alt=\"\" width=\"5688\" height=\"4266\" srcset=\"https:\/\/blog.cgcpresse.fr\/wp-content\/uploads\/2022\/10\/Mone\u0301tisation-des-jours-de-repos-En-quoi-cela-consiste-BC-102.png 5688w, https:\/\/blog.cgcpresse.fr\/wp-content\/uploads\/2022\/10\/Mone\u0301tisation-des-jours-de-repos-En-quoi-cela-consiste-BC-102-300x225.png 300w, https:\/\/blog.cgcpresse.fr\/wp-content\/uploads\/2022\/10\/Mone\u0301tisation-des-jours-de-repos-En-quoi-cela-consiste-BC-102-1024x768.png 1024w, https:\/\/blog.cgcpresse.fr\/wp-content\/uploads\/2022\/10\/Mone\u0301tisation-des-jours-de-repos-En-quoi-cela-consiste-BC-102-150x113.png 150w, https:\/\/blog.cgcpresse.fr\/wp-content\/uploads\/2022\/10\/Mone\u0301tisation-des-jours-de-repos-En-quoi-cela-consiste-BC-102-768x576.png 768w, https:\/\/blog.cgcpresse.fr\/wp-content\/uploads\/2022\/10\/Mone\u0301tisation-des-jours-de-repos-En-quoi-cela-consiste-BC-102-1536x1152.png 1536w, https:\/\/blog.cgcpresse.fr\/wp-content\/uploads\/2022\/10\/Mone\u0301tisation-des-jours-de-repos-En-quoi-cela-consiste-BC-102-2048x1536.png 2048w\" sizes=\"auto, (max-width: 5688px) 100vw, 5688px\" \/><\/a><\/p>\n<p><a href=\"https:\/\/blog.cgcpresse.fr\/wp-content\/uploads\/2022\/10\/Mone\u0301tisation-des-jours-de-repos-En-quoi-cela-consiste-BC-102-1.png\"><img loading=\"lazy\" decoding=\"async\" class=\"aligncenter size-full wp-image-4398\" src=\"https:\/\/blog.cgcpresse.fr\/wp-content\/uploads\/2022\/10\/Mone\u0301tisation-des-jours-de-repos-En-quoi-cela-consiste-BC-102-1.png\" alt=\"\" width=\"5688\" height=\"4266\" srcset=\"https:\/\/blog.cgcpresse.fr\/wp-content\/uploads\/2022\/10\/Mone\u0301tisation-des-jours-de-repos-En-quoi-cela-consiste-BC-102-1.png 5688w, https:\/\/blog.cgcpresse.fr\/wp-content\/uploads\/2022\/10\/Mone\u0301tisation-des-jours-de-repos-En-quoi-cela-consiste-BC-102-1-300x225.png 300w, https:\/\/blog.cgcpresse.fr\/wp-content\/uploads\/2022\/10\/Mone\u0301tisation-des-jours-de-repos-En-quoi-cela-consiste-BC-102-1-1024x768.png 1024w, https:\/\/blog.cgcpresse.fr\/wp-content\/uploads\/2022\/10\/Mone\u0301tisation-des-jours-de-repos-En-quoi-cela-consiste-BC-102-1-150x113.png 150w, https:\/\/blog.cgcpresse.fr\/wp-content\/uploads\/2022\/10\/Mone\u0301tisation-des-jours-de-repos-En-quoi-cela-consiste-BC-102-1-768x576.png 768w, https:\/\/blog.cgcpresse.fr\/wp-content\/uploads\/2022\/10\/Mone\u0301tisation-des-jours-de-repos-En-quoi-cela-consiste-BC-102-1-1536x1152.png 1536w, https:\/\/blog.cgcpresse.fr\/wp-content\/uploads\/2022\/10\/Mone\u0301tisation-des-jours-de-repos-En-quoi-cela-consiste-BC-102-1-2048x1536.png 2048w\" sizes=\"auto, (max-width: 5688px) 100vw, 5688px\" \/><\/a><a href=\"https:\/\/blog.cgcpresse.fr\/wp-content\/uploads\/2022\/10\/la-pre\u0301servation-du-pouvoir-dachat-ne\u0301cessite-un-meilleur-partage-de-la-richesse-BC-101-07-2022.pdf\" target=\"_blank\" rel=\"noopener\"><img loading=\"lazy\" decoding=\"async\" class=\"alignnone  wp-image-4209 aligncenter\" src=\"https:\/\/blog.cgcpresse.fr\/wp-content\/uploads\/2022\/10\/la-pre\u0301servation-du-pouvoir-dachat-ne\u0301cessite-un-meilleur-partage-de-la-richesse-BC-101-07-2022.png\" alt=\"\" width=\"931\" height=\"698\" srcset=\"https:\/\/blog.cgcpresse.fr\/wp-content\/uploads\/2022\/10\/la-pre\u0301servation-du-pouvoir-dachat-ne\u0301cessite-un-meilleur-partage-de-la-richesse-BC-101-07-2022.png 5688w, https:\/\/blog.cgcpresse.fr\/wp-content\/uploads\/2022\/10\/la-pre\u0301servation-du-pouvoir-dachat-ne\u0301cessite-un-meilleur-partage-de-la-richesse-BC-101-07-2022-300x225.png 300w, https:\/\/blog.cgcpresse.fr\/wp-content\/uploads\/2022\/10\/la-pre\u0301servation-du-pouvoir-dachat-ne\u0301cessite-un-meilleur-partage-de-la-richesse-BC-101-07-2022-1024x768.png 1024w, https:\/\/blog.cgcpresse.fr\/wp-content\/uploads\/2022\/10\/la-pre\u0301servation-du-pouvoir-dachat-ne\u0301cessite-un-meilleur-partage-de-la-richesse-BC-101-07-2022-150x113.png 150w, https:\/\/blog.cgcpresse.fr\/wp-content\/uploads\/2022\/10\/la-pre\u0301servation-du-pouvoir-dachat-ne\u0301cessite-un-meilleur-partage-de-la-richesse-BC-101-07-2022-768x576.png 768w, https:\/\/blog.cgcpresse.fr\/wp-content\/uploads\/2022\/10\/la-pre\u0301servation-du-pouvoir-dachat-ne\u0301cessite-un-meilleur-partage-de-la-richesse-BC-101-07-2022-1536x1152.png 1536w, https:\/\/blog.cgcpresse.fr\/wp-content\/uploads\/2022\/10\/la-pre\u0301servation-du-pouvoir-dachat-ne\u0301cessite-un-meilleur-partage-de-la-richesse-BC-101-07-2022-2048x1536.png 2048w\" sizes=\"auto, (max-width: 931px) 100vw, 931px\" \/><\/a><\/p>\n<p><a href=\"https:\/\/blog.cgcpresse.fr\/wp-content\/uploads\/2022\/10\/les-salarie\u0301s-doivent-avoir-les-moyens-de-vivre-de-leur-travail-BC-102-09-2022.pdf\" target=\"_blank\" rel=\"noopener\"><img loading=\"lazy\" decoding=\"async\" class=\"alignnone size-full wp-image-4215\" src=\"https:\/\/blog.cgcpresse.fr\/wp-content\/uploads\/2022\/10\/les-salarie\u0301s-doivent-avoir-les-moyens-de-vivre-de-leur-travail-bc-102-09-2022.png\" alt=\"\" width=\"5688\" height=\"4266\" srcset=\"https:\/\/blog.cgcpresse.fr\/wp-content\/uploads\/2022\/10\/les-salarie\u0301s-doivent-avoir-les-moyens-de-vivre-de-leur-travail-bc-102-09-2022.png 5688w, https:\/\/blog.cgcpresse.fr\/wp-content\/uploads\/2022\/10\/les-salarie\u0301s-doivent-avoir-les-moyens-de-vivre-de-leur-travail-bc-102-09-2022-300x225.png 300w, https:\/\/blog.cgcpresse.fr\/wp-content\/uploads\/2022\/10\/les-salarie\u0301s-doivent-avoir-les-moyens-de-vivre-de-leur-travail-bc-102-09-2022-1024x768.png 1024w, https:\/\/blog.cgcpresse.fr\/wp-content\/uploads\/2022\/10\/les-salarie\u0301s-doivent-avoir-les-moyens-de-vivre-de-leur-travail-bc-102-09-2022-150x113.png 150w, https:\/\/blog.cgcpresse.fr\/wp-content\/uploads\/2022\/10\/les-salarie\u0301s-doivent-avoir-les-moyens-de-vivre-de-leur-travail-bc-102-09-2022-768x576.png 768w, https:\/\/blog.cgcpresse.fr\/wp-content\/uploads\/2022\/10\/les-salarie\u0301s-doivent-avoir-les-moyens-de-vivre-de-leur-travail-bc-102-09-2022-1536x1152.png 1536w, https:\/\/blog.cgcpresse.fr\/wp-content\/uploads\/2022\/10\/les-salarie\u0301s-doivent-avoir-les-moyens-de-vivre-de-leur-travail-bc-102-09-2022-2048x1536.png 2048w\" sizes=\"auto, (max-width: 5688px) 100vw, 5688px\" \/><\/a><\/p>\n<p><a href=\"https:\/\/blog.cgcpresse.fr\/wp-content\/uploads\/2022\/10\/salaires-et-pouvoir-dachat-la-cfe-cgc-mobilise\u0301e-BC-100-06-2022.pdf\" target=\"_blank\" rel=\"noopener\"><img loading=\"lazy\" decoding=\"async\" class=\"alignnone size-full wp-image-4217\" src=\"https:\/\/blog.cgcpresse.fr\/wp-content\/uploads\/2022\/10\/salaires-et-pouvoir-dachat-la-cfe-cgc-mobilise\u0301e-BC-100-06-2022.png\" alt=\"\" width=\"5688\" height=\"4266\" srcset=\"https:\/\/blog.cgcpresse.fr\/wp-content\/uploads\/2022\/10\/salaires-et-pouvoir-dachat-la-cfe-cgc-mobilise\u0301e-BC-100-06-2022.png 5688w, https:\/\/blog.cgcpresse.fr\/wp-content\/uploads\/2022\/10\/salaires-et-pouvoir-dachat-la-cfe-cgc-mobilise\u0301e-BC-100-06-2022-300x225.png 300w, https:\/\/blog.cgcpresse.fr\/wp-content\/uploads\/2022\/10\/salaires-et-pouvoir-dachat-la-cfe-cgc-mobilise\u0301e-BC-100-06-2022-1024x768.png 1024w, https:\/\/blog.cgcpresse.fr\/wp-content\/uploads\/2022\/10\/salaires-et-pouvoir-dachat-la-cfe-cgc-mobilise\u0301e-BC-100-06-2022-150x113.png 150w, https:\/\/blog.cgcpresse.fr\/wp-content\/uploads\/2022\/10\/salaires-et-pouvoir-dachat-la-cfe-cgc-mobilise\u0301e-BC-100-06-2022-768x576.png 768w, https:\/\/blog.cgcpresse.fr\/wp-content\/uploads\/2022\/10\/salaires-et-pouvoir-dachat-la-cfe-cgc-mobilise\u0301e-BC-100-06-2022-1536x1152.png 1536w, https:\/\/blog.cgcpresse.fr\/wp-content\/uploads\/2022\/10\/salaires-et-pouvoir-dachat-la-cfe-cgc-mobilise\u0301e-BC-100-06-2022-2048x1536.png 2048w\" sizes=\"auto, (max-width: 5688px) 100vw, 5688px\" \/><\/a><\/p>\n<p style=\"text-align: center;\"><a href=\"http:\/\/NA0_Mongolfie\u0300resPersonnalisable\" target=\"_blank\" rel=\"noopener\" data-wplink-url-error=\"true\"><img loading=\"lazy\" decoding=\"async\" class=\"size-full wp-image-4232 aligncenter\" src=\"https:\/\/blog.cgcpresse.fr\/wp-content\/uploads\/2022\/10\/NA0_Mongolfie\u0300resPersonnalisable.png\" alt=\"\" width=\"4677\" height=\"6614\" srcset=\"https:\/\/blog.cgcpresse.fr\/wp-content\/uploads\/2022\/10\/NA0_Mongolfie\u0300resPersonnalisable.png 4677w, https:\/\/blog.cgcpresse.fr\/wp-content\/uploads\/2022\/10\/NA0_Mongolfie\u0300resPersonnalisable-212x300.png 212w, https:\/\/blog.cgcpresse.fr\/wp-content\/uploads\/2022\/10\/NA0_Mongolfie\u0300resPersonnalisable-724x1024.png 724w, https:\/\/blog.cgcpresse.fr\/wp-content\/uploads\/2022\/10\/NA0_Mongolfie\u0300resPersonnalisable-106x150.png 106w, https:\/\/blog.cgcpresse.fr\/wp-content\/uploads\/2022\/10\/NA0_Mongolfie\u0300resPersonnalisable-768x1086.png 768w, https:\/\/blog.cgcpresse.fr\/wp-content\/uploads\/2022\/10\/NA0_Mongolfie\u0300resPersonnalisable-1086x1536.png 1086w, https:\/\/blog.cgcpresse.fr\/wp-content\/uploads\/2022\/10\/NA0_Mongolfie\u0300resPersonnalisable-1448x2048.png 1448w\" sizes=\"auto, (max-width: 4677px) 100vw, 4677px\" \/><\/a><\/p>\n<p style=\"text-align: center;\">\n","protected":false},"excerpt":{"rendered":"<p>\u2022\u2022\u2022\u2022\u2022\u2022\u2022\u2022\u2022\u2022\u2022\u2022\u2022\u2022\u2022\u2022\u2022\u2022\u2022 LA PR\u00c9SERVATION DU POUVOIR D&rsquo;ACHAT n\u00e9cessite un meilleur partage de la richesse \u00c0 l\u2019heure o\u00f9 les conflits sociaux se multiplient pour obtenir des revalorisations salariales l\u00e9gitimes au moins \u00e0 la hauteur du taux d\u2019inflation, la question du pouvoir d\u2019achat &hellip; <a href=\"https:\/\/blog.cgcpresse.fr\/?page_id=2185\">Continue reading <span class=\"meta-nav\">&rarr;<\/span><\/a><\/p>\n","protected":false},"author":1,"featured_media":0,"parent":0,"menu_order":0,"comment_status":"closed","ping_status":"closed","template":"","meta":{"footnotes":""},"class_list":["post-2185","page","type-page","status-publish","hentry"],"_links":{"self":[{"href":"https:\/\/blog.cgcpresse.fr\/index.php?rest_route=\/wp\/v2\/pages\/2185","targetHints":{"allow":["GET"]}}],"collection":[{"href":"https:\/\/blog.cgcpresse.fr\/index.php?rest_route=\/wp\/v2\/pages"}],"about":[{"href":"https:\/\/blog.cgcpresse.fr\/index.php?rest_route=\/wp\/v2\/types\/page"}],"author":[{"embeddable":true,"href":"https:\/\/blog.cgcpresse.fr\/index.php?rest_route=\/wp\/v2\/users\/1"}],"replies":[{"embeddable":true,"href":"https:\/\/blog.cgcpresse.fr\/index.php?rest_route=%2Fwp%2Fv2%2Fcomments&post=2185"}],"version-history":[{"count":43,"href":"https:\/\/blog.cgcpresse.fr\/index.php?rest_route=\/wp\/v2\/pages\/2185\/revisions"}],"predecessor-version":[{"id":4406,"href":"https:\/\/blog.cgcpresse.fr\/index.php?rest_route=\/wp\/v2\/pages\/2185\/revisions\/4406"}],"wp:attachment":[{"href":"https:\/\/blog.cgcpresse.fr\/index.php?rest_route=%2Fwp%2Fv2%2Fmedia&parent=2185"}],"curies":[{"name":"wp","href":"https:\/\/api.w.org\/{rel}","templated":true}]}}